41
Suppose -133*t + 1149870 + 1018030 = 0. What are the prime factors of t?
2, 5, 163
Suppose -41*x + 45*x - 8 = 0. Suppose 2085 = x*a - a. Suppose -8*n - a = -23*n. List the prime factors of n.
139
Let h(v) = 1191*v**2 + 48*v - 28. What are the prime factors of h(5)?
157, 191
Let t(n) = -n**3 - 17*n**2 - 28*n + 34. Let h be t(-15). Let q be 2400/72*(86/h + 1). Suppose -5*o - 210 = -q. What are the prime factors of o?
2, 3
Suppose -27*z = -268092 - 60768. What are the prime factors of z?
2, 3, 5, 7, 29
Let y(h) = h**3 + 6*h**2 - 19*h - 9. Let x be y(-9). Let t = x - -78. Let u = t + 13. What are the prime factors of u?
2, 5
Suppose -5*u - 22370 = -19*a + 14*a, -2*a + 3*u + 8948 = 0. List the prime factors of a.
2, 2237
Let h(c) = 7*c + 23. Let k(t) = 30*t**2 - 3*t - 2. Let f be k(-1). Let x = 38 - f. List the prime factors of h(x).
2, 3
Suppose -2*m = -8*m + 66. Let i(h) = h**2 - 9*h - 18. Let z be i(m). Suppose 149 = -z*g + 697. What are the prime factors of g?
137
Let h(g) = 2390*g + 228*g**3 - 2390*g. List the prime factors of h(1).
2, 3, 19
Let r = 24 - 0. Suppose 8*q - 4*q = r. Suppose q*i - 4*i = 236. What are the prime factors of i?
2, 59
Let n be (22 - 19) + (-1 - -4). Suppose -2*s = 2*t - n, 0 = 2*t + 3*t. Suppose -4*r - 108 = -5*j, 2*j - 63 = -s*r - 2*r. What are the prime factors of j?
2, 3
Let b(r) be the second derivative of 4/3*r**3 - 1/20*r**5 + 28*r + 3/2*r**4 + 0 - 23/2*r**2. What are the prime factors of b(18)?
11
Let p(c) = 3*c**3 - 4*c**2 - 10*c - 13. Suppose -70*h + 35 = -63*h. List the prime factors of p(h).
2, 53
Let f be (1 + (-511)/(-14))*(0 - -54). Suppose 4*w - f = -5*p, -1475 = -8*w + 5*w + 5*p. List the prime factors of w.
2, 5
Let x = 481 + -905. Suppose p + 153 = -99. Let a = p - x. What are the prime factors of a?
2, 43
Let n be (-20)/90 + ((-32)/18 - -2). Suppose n = -y - 5*i + 2*i + 177, -5*y + 843 = i. What are the prime factors of y?
2, 3, 7
Suppose -a = 2*n - 4904, -5388 = -3*a + n + 9338. What are the prime factors of a?
2, 3, 409
Let v be (-3)/2 + -1*(-762)/(-12). Let c = 306 + v. What are the prime factors of c?
241
Let i(u) = 1566*u**2 + 160*u + 27. List the prime factors of i(-6).
3, 18481
List the prime factors of (-32060)/(-42)*((-4)/(-6) + (-1280)/(-24)).
2, 3, 5, 229
Let d(i) = -2*i**2 - 12*i + 2. Let w be d(-6). Suppose 5*x + 0*r = -2*r + 32, 2*r = w. Suppose -13 - 5 = -x*f. List the prime factors of f.
3
Let a = 7797 - -7070. List the prime factors of a.
14867
Suppose -98*f + 42 = -112*f. Let y(i) = -339*i - 78. List the prime factors of y(f).
3, 313
Suppose -379*r + 330*r + 1370775 = 0. List the prime factors of r.
3, 5, 373
Let r be 45/(-30)*-4*1. Suppose -r*n = -86 - 118. Suppose -n*c + 36*c = 32. What are the prime factors of c?
2
Suppose -k - 5 = -3*j, -j + 1 = -2. Suppose -2*g = -3*c - k*g - 23, g = -4. What are the prime factors of 10/6*c*-3?
5
Let d = 15263 - -19535. List the prime factors of d.
2, 127, 137
Let g = 1174 + 2888. List the prime factors of g.
2, 3, 677
Let u(w) = -4*w + 22. Let h be u(5). Let q be -2 - (2 - h) - -78. Let c = q + -62. List the prime factors of c.
2, 7
Let r(k) = -k**2 + 17*k + 44. Let t be r(19). Suppose 0 = 2*i - 4*i + t. Suppose -5*o + v = -199, -i*o + v + 2*v + 129 = 0. What are the prime factors of o?
3, 13
Let o(j) = j**3 - 26*j**2 + 12*j - 177. List the prime factors of o(27).
2, 3, 73
Suppose -217*h - 31668 = -221*h. What are the prime factors of h?
3, 7, 13, 29
Let y = 11905 + -5615. List the prime factors of y.
2, 5, 17, 37
Let o(f) = f**3 + 8*f**2 - 6*f - 34. Let s be o(-8). What are the prime factors of 35732/44 - s/154?
2, 7, 29
Suppose -4*b - 4*z = -32, -2*z + 4*z + 26 = 4*b. Let d be 59/(2/(-56)*-2). Suppose 0*n = b*n - d. What are the prime factors of n?
2, 59
Suppose -3*o + 3*n + 877 = 235, -4*n = o - 194. Let y = -120 + o. List the prime factors of y.
2, 3, 5
Let t be 520/12 + (-2)/(-3). Let c be (1 - 0)*(8 + t). Let z = c - 28. List the prime factors of z.
2, 3
Suppose 3*y - 18 = -4*u, y - u + 7 = 6. Suppose -4*d = -c - 1056, -7 - 1 = -y*c. What are the prime factors of d?
5, 53
Let d be (6/12)/(1/2*-1). Let k = d + 0. What are the prime factors of ((1 + 0)*k)/(16/(-1424))?
89
Let n(f) = -12*f - 4*f + 26*f - 31. Let a(y) = -5*y + 15. Let r(m) = -5*a(m) - 3*n(m). What are the prime factors of r(-15)?
3, 31
Suppose 2*x - 5*d = 54021, 5*d + 50512 = 4*x - 57555. What are the prime factors of x?
61, 443
List the prime factors of (-3)/(0 - -3) + 24685 + (-11 - -9).
2, 7, 41, 43
Let u(r) = -r**2 + 18*r - 41. Let q be u(21). Let d = q - -108. Suppose 0 = z + 3, d*i - 8*i + 46 = 2*z. What are the prime factors of i?
13
Let h(y) = 69*y**3 + 2*y**2 - y - 1. Let u be 1/(3 - 20/8). List the prime factors of h(u).
557
Let b be (1/(4/(-3)))/((-1)/228). Suppose 679 = 4*g + 6*t - t, t - b = -g. List the prime factors of g.
2, 11
Let v(r) be the first derivative of r**2 + 26*r - 32. Let y be v(-5). Suppose 15*o + 159 = y*o. What are the prime factors of o?
3, 53
Let r = -29722 + 72069. What are the prime factors of r?
17, 47, 53
Let w be (1 - -8)*(-11 + 12). Suppose -2*u - 5 = -w. Suppose 0 = 3*m + 6, -391 = -v - u*v - m. What are the prime factors of v?
131
Let u(k) = 171*k**3 + 15*k**2 + 21. List the prime factors of u(4).
3, 5, 83
Let t(f) = -f**3 - 2*f**2 - 6*f - 6. Suppose 4*s - 116 = 108. Suppose -12*k = s + 4. List the prime factors of t(k).
3, 11
Suppose 127 - 17 = 5*s. Let v(f) = -2 - 10*f + s*f - 3*f + f**2. List the prime factors of v(-15).
2, 11
Let v(q) = -q - 34. Let t be v(-8). Let a = t - -26. Suppose -7*m + 389 + 80 = a. List the prime factors of m.
67
Suppose 4*i - p - 130979 = -14293, 4*p - 145868 = -5*i. What are the prime factors of i?
2, 3, 11, 13, 17
Let u be ((-9)/3)/((-1)/5) + 1. Let c(g) = g**2 + 12*g + 24. What are the prime factors of c(u)?
2, 59
Suppose -100*p + 22762 = -24538. What are the prime factors of p?
11, 43
Let h = 24468 - -12390. List the prime factors of h.
2, 3, 6143
Suppose 5*t - 12 = -3*z, 3*t - z = -6 + 2. What are the prime factors of (7 - t - 4)*227?
3, 227
Let o(j) = -61*j**2 + 36*j**2 + 47 - 22*j - 1 + 30*j**2. What are the prime factors of o(13)?
5, 11
Suppose -i = -3*i + 2*j + 18, 4*j + 24 = 2*i. List the prime factors of 2307/6*(-17)/((-51)/i).
769
List the prime factors of -1 - 78/(143/(-11)) - 40828/(-2).
7, 2917
Suppose 2*k - 16*z - 101648 = -15*z, -2*z = -3*k + 152471. List the prime factors of k.
5, 19, 107
Suppose -5*o - 7979 = -2*x + x, 0 = x - 2*o - 7982. Suppose x = 16*p - 3696. What are the prime factors of p?
2, 5, 73
Suppose -14*p + 55 = -10*p - r, 2*p - r - 29 = 0. What are the prime factors of 10467/p - (200/(-52) - -4)?
5, 7, 23
Let a(t) = t**2 - 9*t + 2. Let w be a(9). Suppose 3*c - 1155 = -3*g, -2*c - w*g + 4*g + 766 = 0. What are the prime factors of c?
2, 3
What are the prime factors of (-150)/400 - (-9)/(-24)*15 - -11546?
2, 5, 577
Suppose -4*u = 79*u - 347106. List the prime factors of u.
2, 3, 17, 41
Suppose 2*l - 127 = 5*z - 614, 2*l - 4*z + 484 = 0. Let j = 520 + l. What are the prime factors of j?
2, 71
Let o(z) = 3*z - 80. Let c be o(28). Suppose -c*k = -466 - 726. List the prime factors of k.
2, 149
Let q(f) = f**3 + 7*f**2 - 8*f + 31. Let v be q(8). Suppose 0 = -2*p - 2*r + 1854, -16*p - 3*r = -17*p + v. List the prime factors of p.
3, 103
Let o = 20 - 12. Suppose -2*u + 0*c + 4 = 5*c, 2*u = c - o. What are the prime factors of (-5)/((-30)/(-142))*u?
71
Let j(r) = -2971*r + 5341. What are the prime factors of j(-7)?
2, 7, 1867
Suppose 0 = 15*k - 56315 - 83680. List the prime factors of k.
3, 17, 61
Suppose -3*c = 3*h - 6*h + 3, 3 = 5*c - 3*h. Let u be (8 - 5)/(c - 2). Suppose u*a = -126 + 345. What are the prime factors of a?
73
Let y = 534 - 214. Let z = y + -188. List the prime factors of z.
2, 3, 11
Suppose 576 + 1434 = 10*o. Suppose 8*f = 4*f + 8. Suppose 5*i + 3*r = 208 + o, -f*r = 5*i - 411. What are the prime factors of i?
83
Suppose -33*c = 3*x - 36*c - 110208, 3*x - 110206 = 2*c. List the prime factors of x.
2, 18367
Let t be 2 + -4 - -4 - -2. Let o(i) = 44*i**3 + 6*i - 6. Let m(s) = -s**3 - s + 1. Let q(v) = t*m(v) + o(v). What are the prime factors of q(1)?
2, 5
What are the prime factors of (-33)/(-2)*7106/57?
11, 17
Let h be (-7)/((-10)/48 - (-5)/(-40)). Let y = 